nd derivative of i**3/3 + 3*i**2 - 1539*i - 2. Determine q(l).
-12
Let r(q) be the first derivative of q**4/6 - 4*q**3/3 + 2*q**2 - 119*q - 26. Let p(t) be the first derivative of r(t). Calculate p(6).
28
Let y(n) = -n - 152. Let o(p) = 178. Let t(x) = -4*o(x) - 5*y(x). Calculate t(-12).
-12
Let k be (-7*1/1)/(35 - 72/2). Let s(o) = -o**2 - 63*o + 494. What is s(k)?
4
Let m(x) = 13*x + 24*x + 30*x - 23*x - 41. Give m(1).
3
Suppose -3*x + 49 = -0*x + 4*x. Let m(i) = 3*i - 3. Calculate m(x).
18
Let r(b) = -b**3 + 3*b**2 - 4*b + 3. Suppose -5*t - 3*h = -51, -5 = h - 2. Suppose -3*u = t - 39. Suppose -n - u = -4*n. Determine r(n).
-9
Let g(r) = -2*r + 3. Let d(z) = -z**3 + 6*z**2 + 8*z - 7. Let v be d(7). Suppose -4*h + 10*h + 60 = v. Let p be (-1)/(-2*1/h). Determine g(p).
13
Suppose -93 - 379 = 59*a. Let r(t) = 6*t + 5. Suppose -9*y - 7 = -8*y. Let f(g) = 4*g + 3. Let b(h) = y*f(h) + 5*r(h). What is b(a)?
-12
Suppose 5*y + v = -30, 0*v + 10 = -5*y + 3*v. Let p(o) = -5*o - 423*o**3 - 14 + 4 - 4*o**2 + 208*o**3 + 9*o + 214*o**3. Give p(y).
-5
Let p(k) = -10*k - 97. Let z(x) = -15*x - 146. Let u(l) = 7*p(l) - 5*z(l). Let w be u(-11). Let b(j) = j**3 + 0 + 2*j + 4*j**2 + 1 + 0. Give b(w).
-7
Let t(m) be the second derivative of m**3/2 + 4*m**2 - 541*m. Determine t(-5).
-7
Let j(g) = 16*g + 84. Let b be j(-5). Let v(l) = -l**3 + 2*l**2 + 12*l - 18. Let p be v(b). Let k(n) = 3*n**3 + n**3 - 3*n**3 - 1 + 3*n**2. Give k(p).
3
Let v be 3/(-2)*(2 - 12 - -6). Let n(q) = 35 - 75 - 17*q + 32 + 3*q**2. Calculate n(v).
-2
Let l = 2 + 38. Let n be ((-2)/4*-10)/1. Suppose z + 3*p - 3 - 9 = 0, 5*p - l = -n*z. Let m(r) = r**3 - 7*r**2 + 5*r - 8. Give m(z).
-14
Let p(o) = -o**3 + 7*o**2 + 45*o + 6. Let t be 17/(-34) - 69/(-6) - (-2 - -2). Calculate p(t).
17
Let q(f) = -f**3 + 5*f**2 + 5*f - 3. Suppose -s - 6 = -z - 1, 4*s = 2*z - 14. Suppose -4*i + 2*i = z*i. Suppose 3*x + 53 - 71 = i. Give q(x).
-9
Let r(j) = -5*j + j - 8954 + 8933. Calculate r(-16).
43
Let a(k) = -15*k**2 - 1981*k - 132. Let q be a(-132). Let i(j) = j**3 + 14*j**2 + 2*j - 2. Calculate i(q).
-2
Let h be 10 + ((-10)/(-5))/1. Suppose h = -0*s + 4*s. Let b(j) = -1 - 5 + s*j - 2*j - 4. Give b(8).
-2
Let x(p) = -p**3 + 9*p**2 + 10*p - 20. Let z be ((-10)/(-8))/((-885)/(-40) - 22). Give x(z).
-20
Let u = 128 + -121. Suppose u*q - 4 = 17. Let o(t) = -2*t**3 + 3*t**2 + 3*t. Determine o(q).
-18
Let h(b) = -4*b**2 + 9*b - 35. Let f(q) = 3*q**2 - 6*q + 23. Let k(c) = -7*f(c) - 5*h(c). Suppose 3*n = 9*z - 11*z - 28, -2*z - 10 = 0. Determine k(n).
-4
Let m be -5 - -3 - 3*(70/(-21))/2. Let s(n) = -n**3 + 6*n**2 - n - 27. What is s(m)?
-3
Suppose 3*w + 12 = 0, -w - 24 = -0*z - 2*z. Let t(r) = -136*r - 17 - 9*r**2 + 46*r + r**3 + 40*r + 41*r. Give t(z).
-7
Suppose w + 38 = 34. Let k(b) = -b**3 - 2*b**2 + 9*b + 3. Let r be k(w). Let v be (-6 - 30/16) + r/8. Let t(q) = q**2 + 9*q + 5. Determine t(v).
-3
Let c(u) = -u - 6. Let p(g) = 2*g + 14. Let w(y) = 7*c(y) + 3*p(y). Let b = -32 - -31. Let z be b*(2/2)/1. Determine w(z).
1
Let h(s) be the third derivative of -s**5/60 + 5*s**4/8 - 7*s**3/2 - 409*s**2 - s. Calculate h(12).
15
Suppose w - t - 124 = 0, 0*w + 112 = w + 3*t. Let h = w - 124. Let f(v) = v + 3. Calculate f(h).
0
Let f(w) = 2*w - 12. Let r be ((-30)/(-12))/(-5) - 33/(-6). Suppose -7*y + 18 = -r*y. Give f(y).
6
Let y(n) = -n**2 + 8*n + 6. Suppose d = 43 - 23. Let m be ((-52)/d + 5)/(3/10). Give y(m).
6
Suppose 3*d - 5*i - 74 = 0, 3*i - 4 = -d + 30. Let t = -7 + d. Let h be (-15)/t + (-1 - 5/(-7)). Let a(s) = 2*s**2 - s. What is a(h)?
3
Let j(n) = -4*n - 90. Suppose -3*m + 5*h - 64 = 0, -m - 33 = -h - 11. What is j(m)?
2
Let r(k) = k**3 - k**2 + 2. Let b be (12 - (1 - (-81)/9))*(-2)/4. What is r(b)?
0
Let d(z) be the second derivative of -z**4/6 + 5*z**3/3 - 13*z**2/2 - 1926*z. Calculate d(9).
-85
Suppose -8*r - 334 = -62. Let c be r/5 - 0 - (-45)/(-225). Let b(d) = 3*d**2 + d**2 - 4 + 6*d + 4*d**2 + d**3 + 0*d**2. Give b(c).
3
Let p(w) be the second derivative of -3*w**3/2 + 5*w**2/2 + 252*w - 2. What is p(4)?
-31
Let v(c) = 4*c**2 - 6*c + 4. Let f be (-130)/39*12/10 + (-36)/(-6). Determine v(f).
8
Suppose -11*b + 77 = 22. Let q(f) = 4 + 3 - 10*f**3 - 1 - b*f**2 + 6*f + 9*f**3. Let l = 14 + -20. What is q(l)?
6
Let w(f) = 6*f - 86. Suppose 0 = -3*b - 3, 64 = 124*g - 119*g + b. Determine w(g).
-8
Let u(f) be the third derivative of 2*f**6/15 - f**4/12 + f**3/6 - 16*f**2 - 12*f - 1. What is u(1)?
15
Let f(d) = -265 + 99 + 40 - 16*d - 55. What is f(-11)?
-5
Let j = 7463 - 7460. Let g(r) = -r**3 - 3*r**2 + 4*r - 3. Let k(u) = u**3 + 2*u**2 - 3*u + 2. Let q(m) = -6*g(m) - 7*k(m). Give q(j).
4
Let i(w) = 5*w + 23. Let m(c) be the second derivative of -c**3/2 - 7*c**2 + 96*c. Let f(x) = 5*i(x) + 8*m(x). Determine f(-11).
-8
Let c(i) = -5*i**3 + i - 1. Suppose -5*h = -2*q - 1241, 0 = 3*q - 6*h + h + 1854. Let x = q - -611. What is c(x)?
37
Let k(i) = 5*i + 2. Let r be -21*((-1472)/144 - -10) - (-10)/(-6). Determine k(r).
17
Let m = 204 + -198. Let h(p) = 6 - 2701*p**2 - 3*p - 3*p + 2702*p**2. Determine h(m).
6
Let k(g) be the second derivative of -5*g**3/3 - 37*g**2/2 + 1449*g. What is k(-3)?
-7
Let k(i) = i**3 + 5*i**2 - 1. Let l be k(-5). Let n(p) = 74383*p - 74381*p - 11*p**2 + 1 - 5*p**2. Determine n(l).
-17
Let w be (-2)/7 - 148/(-28). Let v(u) be the third derivative of -u**6/120 + u**5/10 - 5*u**4/24 - u**3/6 - 3*u**2 + 19*u. Calculate v(w).
-1
Suppose -5*z - 38*l = -43*l - 15, -5*z + 11 = -4*l. Let n(t) = -62 + 2*t**3 + 2*t**3 + 3*t**3 + 64 + t. Give n(z).
-6
Suppose -4*s + 3*s + 3*z - 9 = 0, -5*z = s - 15. Suppose -q - m + 2*m = 4, s = 3*q + 4*m + 12. Let k(a) = -a**3 - 5*a**2 + 4. Determine k(q).
-12
Let w(a) = -a**2 - 3*a + 83. Let f(q) = -21*q**2 - 249*q + 25. Let h be f(-12). What is w(h)?
-5
Let w(t) = -13*t**3 + 15*t**2 - 11*t + 13. Let s(i) = -2*i**3 + i**2 - 1. Let o(a) = -6*s(a) + w(a). What is o(8)?
-5
Let g(s) = -4*s**2 - 15*s - 14. Let x(a) = 11*a**2 + 46*a + 40. Suppose -2*k + 1 = 7. Let u(c) = k*x(c) - 8*g(c). Determine u(-18).
-8
Let b(q) = -q**3 + 4*q**2 - 7*q + 7. Suppose 2*c - 14 = -3*m, 8*c = 7*c + 1. What is b(m)?
-21
Let p(z) = 11*z - 1. Suppose 207 = -0*j - 5*j - 3*h, j - 4*h = -46. Let w = j - -44. Suppose 4*m - 6 = -w. Give p(m).
10
Suppose 0 = 96*w - 77*w + 19. Let n(y) = 7*y**3 + 2*y**2 + 11*y + 11. Give n(w).
-5
Let u(y) = 17*y**3 - 32*y**2 + 39*y + 46. Let l(v) = -4*v**3 + 8*v**2 - 10*v - 11. Let i(n) = 13*l(n) + 3*u(n). Give i(5).
5
Let i = 74 + -70. Let q(t) = t + 1 + 9*t - 4 - i*t. Determine q(2).
9
Let u be ((-147)/(-10) - 426/(-1420)) + -5. Let y(o) = 2*o**3 - 23*o**2 + 30*o + 7. What is y(u)?
7
Let x = -6705 - -6685. Let a(z) = -z**3 - 19*z**2 + 21*z + 1. What is a(x)?
-19
Let k be (4 + (-90)/12)/((-1)/(-6)). Let l be k/(-42)*(-5 - -1). Let s(n) = 6*n - 2. Give s(l).
-14
Let s(y) = -y**3 + 2*y + 1. Let p be -3 - 3 - -9 - 7. Let f be ((-10)/p*-1)/(25/(-20)). Calculate s(f).
-3
Let m be (-8)/(-1) + 3/(-1). Let c = m - 7. Let w(u) = 19*u + 2. Let k(g) = -10*g - 1. Let p(y) = 11*k(y) + 6*w(y). Calculate p(c).
-7
Let r = 2 - 0. Suppose -v = -r*v + 6. Let q(x) = 23*x**2 + 17*x + 5. Let c(i) = -65*i**2 - 49*i - 15. Let w(j) = 6*c(j) + 17*q(j). Give w(v).
1
Let k(i) = -5*i + 8. Let y(u) = -u**3 + 9*u**2 + 5*u + 35. Let q be y(10). Let n be 5 + (-8 - q) - 6. Determine k(n).
-22
Let w(c) = -c**3 + 14*c**2 - 13*c - 1. Let d(g) = g**2 - g + 2. Let f(v) = 3*d(v) - w(v). Suppose -9*b = -7*b - 20. What is f(b)?
7
Let l(f) = -f - 3. Let h(y) = y**3 - 1. Let v be ((-2)/6 + 2)/(3/9). Let q(p) = -4*p**3 + 5*p**2 + 4*p + 8. Let k(n) = v*h(n) + q(n). Let c be k(-4). Give l(c).
-6
Let r(g) = -6*g + 3. Let v be r(3). Let u be 3 + (v/35)/(2/(-14)). Let y(a) = a - 1. Give y(u).
5
Let q(n) be the second derivative of -n**5/20 - 5*n**4/12 + 2*n**3 - 11*n**2/2 - 1796*n. What is q(-7)?
3
Suppose 0 = -1740*d + 1726*d. Let r(o) = -o**3 + 6*o + 4. Calculate r(d).
4
Let w(g) be the third derivative of -7*g**4/24 - 729*g**2. Determine w(-1).
7
Let c(j) be the second derivative of 4*j**3/3 - 19*j**2 + 900*j. Determine c(11).
50
Let w(r) = r**2 - 9*r + 16. Let o(g) = 11*g**3 + 94*g**2 - 49*g - 22. Let d be o(-9). Give w(d).
86
Let c(j) = 4*j + 119. Let z be (-2)/(-11) - 13377/429. Give c(z).
-5
Let w(